-3*q = 4*j - 26 + 2. Let g = -916 - -922. Suppose j*d - g*d = -72. What are the prime factors of d?
2, 3
Suppose 2*b = 2*m + 4*b - 2292, 4539 = 4*m - 5*b. Suppose -54*v = -61*v + m. What are the prime factors of v?
163
Let p = 27637 - -32824. List the prime factors of p.
103, 587
Let x(r) = -15*r**3 + 10*r**2 - 32*r + 72. List the prime factors of x(-9).
3, 5, 269
Let y(v) = 3770*v**3 - 2*v**2 + 2*v - 2. Let m be y(1). Suppose 0 = -120*u + 112*u + m. List the prime factors of u.
3, 157
Let r = 2679 - -2867. What are the prime factors of r?
2, 47, 59
Suppose -134*d - 288 = -138*d. Suppose c = d + 239. What are the prime factors of c?
311
Let t(k) = -718*k - 62. List the prime factors of t(-6).
2, 11, 193
Let u(k) be the second derivative of k**4/12 - 5*k**3/6 + 7*k**2/2 + 3*k. Let b = 199 + -188. List the prime factors of u(b).
73
Let s = 380 + -532. Let y = s + 338. Let n = y + -131. What are the prime factors of n?
5, 11
Suppose -4*p = w + 65, p = 2*p + w + 20. List the prime factors of (-2)/5 + -2 + (-4056)/p.
2, 67
Suppose -620 = -2*u + 1374. Suppose 4*r - i = u, 4*r = 3*r + i + 250. Let v = r + -177. List the prime factors of v.
2, 3
Let s = -13553 - -47034. List the prime factors of s.
7, 4783
Suppose 590 = -581*r + 576*r. Let o = 474 + r. What are the prime factors of o?
2, 89
Let u be 5/2*(-160)/(-100). Suppose 4*j = 3*j + l + 97, -3*j - u*l = -263. What are the prime factors of j?
3, 31
Let y = 21 + -91. Let s = y + 68. List the prime factors of 69 - -3 - (-4 - s).
2, 37
Let j(c) = -133*c + 709. List the prime factors of j(-66).
53, 179
Let i = 405 - 402. Let f(p) = 68*p**2 - 6*p - 6. List the prime factors of f(i).
2, 3, 7
Let b(f) = f**3 - 3*f**2 + 4*f - 2. Let z be b(9). Let m = -155 + z. List the prime factors of m.
5, 73
Let g be 4/18 - 64/(-36). Let b be -2 - 2 - g/(-1). List the prime factors of (-6)/b*(3 + 2 + 7).
2, 3
Let h(w) = 619*w - 14863. What are the prime factors of h(118)?
3, 11, 41, 43
Let x(p) = -p**2 + 12*p + 91. Let n be x(17). What are the prime factors of 5 - 8289/n*16/(-12)?
1847
Suppose 0*k = 2*k + 2. Let d be (1 - 0 - k)*(0 + -3). Let m(w) = -4*w - 3. List the prime factors of m(d).
3, 7
Suppose 3*b + 4*c = -c, 30 = 3*b - 5*c. Let r be (2 + -1 - b) + 82. Suppose 17*v - 15*v - r = 0. What are the prime factors of v?
3, 13
Let o = -5 + 1. Let t be (-6)/(-8) + (1701/(-36))/(-9). List the prime factors of (o + 6)*(3 + 21/t).
13
Let x = -4 - -316. Suppose -5*a = -x - 618. What are the prime factors of a?
2, 3, 31
Let g = -802 + 806. Let r = 8 + -4. Suppose -g*w + r - 12 = 0, 5*a - 348 = -w. What are the prime factors of a?
2, 5, 7
Suppose 10 = -2*i, 3*l - 5*i = -8*i + 348. What are the prime factors of l?
11
Let n be 74400 + 9/(18/14). What are the prime factors of 1/(-3) - n/(-111)?
2, 5, 67
Let x = -60868 - -86166. List the prime factors of x.
2, 7, 13, 139
Suppose -4*s + 12 = q, -2*q + 2 = s - 8. Let u be (452/16)/(s/8). Suppose 3*o - u - 283 = 0. List the prime factors of o.
2, 3, 11
Suppose -95*u + 51*u = -32*u - 38688. What are the prime factors of u?
2, 13, 31
Let x = -460 + 299. Let p = -103 - x. What are the prime factors of p?
2, 29
Let p be ((-24)/4)/(1 - 3). Let y be (1 - -5) + -1*(0 + p). Suppose w + w = 3*s - 594, 187 = s + y*w. List the prime factors of s.
2, 7
Suppose 13*t = -37*t + 72350. What are the prime factors of t?
1447
Suppose 5*g = -3*y - 793, 12*y - 2*g + 1363 = 7*y. Let o = 594 + y. List the prime factors of o.
17, 19
Suppose 15*j = 11*j + 5376. Let t = j - 454. List the prime factors of t.
2, 5, 89
Let l(j) = 6*j + 86. Let d be l(-14). Suppose -1562 = -d*g - 18*m + 16*m, -4*m - 2315 = -3*g. What are the prime factors of g?
3, 7, 37
Let u(a) = -a**2 - 7*a + 11. Let k be u(-10). Let b(s) = -s**2 - 41*s + 30. List the prime factors of b(k).
2, 7
Let l be (-13 - -2)*(-7)/((-14)/20). Let b = 135 + l. List the prime factors of b.
5
Suppose 5*z - 13 = -2*x, 2*x - 4*z + 4 = -10. Let f be 3 + (-129)/3*x. Suppose 0 = -y - y + f. List the prime factors of y.
23
Suppose -7*p = p - 0*p. Suppose 2*l - c - 225 = p, -2*l - 330 = -5*l - c. What are the prime factors of l?
3, 37
Let r(s) = -s**3 + 11*s**2 - 12*s + 2. Let o be (-54)/4*(-24)/36. Let i be r(o). Let j = -3 + i. List the prime factors of j.
53
Suppose -49682 - 36406 = -3*i + 4*x, -4*i + 4*x + 114796 = 0. List the prime factors of i.
2, 7177
Let s = 30682 - 22662. List the prime factors of s.
2, 5, 401
Suppose 1674 + 715581 = 16*v - 5*v. List the prime factors of v.
3, 5, 7, 23
List the prime factors of (167 - 5)/(-9) - -265.
13, 19
Let l be 15/3 + (2 - 56). Let y = 429 - l. What are the prime factors of y?
2, 239
Suppose -7*p + 9 = -19. Suppose 0 = -6*w + p*w + 5*s + 561, -w - s + 284 = 0. What are the prime factors of w?
283
Let d = -23615 - -37550. List the prime factors of d.
3, 5, 929
Let w be ((-42252)/98)/(2/(-28)). Suppose 0 = 98*j - 104*j + w. List the prime factors of j.
2, 503
List the prime factors of -1 + (((-7487025)/84)/(-13) - (-1)/(-4)).
3, 5, 457
Let i(h) = -43*h + 205. Suppose 4*o = -l - 24, 9*o - 7*o - 3*l = -12. List the prime factors of i(o).
463
Suppose -25833 = -3*c - 4*u, -4*c = -2*u - 54381 + 19937. What are the prime factors of c?
79, 109
Let d be 42/(-14)*8/6. Let m = d - -6. Suppose m*n = 2*g - 82, n = 2*g - 3*g + 51. What are the prime factors of g?
2, 23
Let v(w) = -2 + 44*w**2 - 95*w**2 + 50*w**2 - 4*w + 3 + 9*w**3. Let i be (-10)/(140/21)*(-2)/1. List the prime factors of v(i).
223
Let r(a) = 145*a**2 + a - 1. Let v be (1 - 3)*1*(-4)/(-8). List the prime factors of r(v).
11, 13
Let m = 549 - 614. List the prime factors of (-835)/(-65) + (-10)/m.
13
Let f(v) = 1958*v**2 - 102*v - 202. What are the prime factors of f(-2)?
2, 3917
Let h be (1 - 2)/(4/(-8))*2. Suppose 16 = 3*w + h. Let m(g) = 2*g**2 - 5*g + 15. What are the prime factors of m(w)?
3
Suppose 4*n - k = 5*n - 3, 4*n - 4*k + 12 = 0. Suppose d - 3*d + 424 = n. What are the prime factors of d?
2, 53
Suppose -624 = -2*x + 2*t + 1366, 2*x - 5*t - 1972 = 0. What are the prime factors of x?
7, 11, 13
Suppose -4*q + 9*i - 315 = 10*i, -q = -i + 80. Let l = 264 + q. List the prime factors of l.
5, 37
Let z = 20287 - 4298. What are the prime factors of z?
59, 271
Suppose -2333 = 23*o - 5038 - 4655. List the prime factors of o.
2, 5
Let l(y) = 1. Let k(a) = 4*a + 152. Let i be (-2)/(-7) + (-15)/(-21). Let g(t) = i*k(t) + 3*l(t). List the prime factors of g(0).
5, 31
Let n be (264/12)/(-11)*1/2. What are the prime factors of n/((-12)/(-9)) + (-77658)/(-56)?
2, 3, 7, 11
Let u(p) = 3*p**2 - 5*p + 1. Let t(h) = 2*h**2 + 22*h + 21. Let b be t(-8). Let s = -35 - b. What are the prime factors of u(s)?
233
Let d = 38905 - 25434. List the prime factors of d.
19, 709
Let x = 4781 + 1144. Suppose 4740 = 4*i + 2*g, -2*i - x = -7*i - g. What are the prime factors of i?
3, 5, 79
Let j(b) = 2*b + 13. Let g be j(-3). Suppose -g*n - 1 = -29. Suppose k + n*k = 135. List the prime factors of k.
3
Suppose -11*b = -5*b + k + 3662, -5*b - 3*k = 3043. Let q = 72 - b. What are the prime factors of q?
683
Suppose -u - 4*b + 14181 = 0, 5*u - 2*u = 3*b + 42543. List the prime factors of u.
3, 29, 163
Let n(t) = -t**3 + 30*t**2 + 64*t + 4. Let a be n(32). Suppose 2*g + a*b + 54 = 580, -b - 551 = -2*g. What are the prime factors of g?
3, 7, 13
Suppose -3*d - 620 - 1570 = 0. Let m = 2242 + d. List the prime factors of m.
2, 3, 7
Let d(b) = 2*b**3 - 15*b**2 + 15*b - 11. Let n be (-6 - 8/(-4))*36/(-16). What are the prime factors of d(n)?
367
Let i(s) = 11928*s**2 - 36*s + 79. What are the prime factors of i(2)?
7, 17, 401
Let d be (-3 - (3 - (-57)/(-9)))*0. Suppose d = 5*y + 436 + 1194. Let o = -187 - y. List the prime factors of o.
139
Let v(b) = -b + 1. Let s(y) = -62*y + 1. Let p(c) = -s(c) + 3*v(c). Let r be p(1). Let j = r - -28. List the prime factors of j.
89
Let y(l) = -l**3 - 26*l**2 + 28*l - 3. Let q be y(-27). List the prime factors of q/((-244)/60 - (0 - 4)).
2, 3, 5
Let f(z) = -z**3 + 10*z**2 - 20*z + 19. Let b be f(8). Let y(q) = -9*q + 16. List the prime factors of y(b).
7, 19
Suppose 0 = -3*q - 15, 0 = -2*x - 4*q + 13204. What are the prime factors of x?
2, 3, 19, 29
Let k be ((-3)/(-4))/(15/40). What are the prime factors of 5148/13 + 15/(-1 - k)?
17, 23
Suppose 3*w - 20 = 